units digit of (-18)/(-4)*(3 - h)?
9
Suppose -3*r + 1221 = 4*v, -4*v + 1206 = -5*r + 3*r. What is the tens digit of v?
0
Let u = 23 + -32. Let t = 13 + u. What is the units digit of t?
4
Suppose -x - 6*y + 11*y + 53 = 0, -5*x = y - 213. What is the units digit of x?
3
Let s(t) = -2*t**3 - 8*t**2 + 4*t + 20. What is the tens digit of s(-6)?
4
Suppose -5*n - 35 = -2*r, 4*n + 18 + 12 = 2*r. Suppose -4*l + 15 = -l. Suppose 0 + l = r*h. What is the units digit of h?
1
Suppose 0 = -5*z + 17 + 103. What is the units digit of z?
4
Let s be (-1 - 2)/((-6)/4). Suppose 57 = 5*k + 2*y, -s*k - 7*y + 3*y = -26. What is the tens digit of k?
1
Let l = 31 + -23. What is the units digit of l?
8
Let j = -196 - -426. What is the hundreds digit of j?
2
Suppose 5*v + 28 = -17. Let n(i) = i**3 + 9*i**2 - 2*i + 4. What is the units digit of n(v)?
2
Suppose -5*f = -3*u - 40, 4*f = -f - 2*u + 15. Let m(y) = -f*y - 5*y + 4*y**2 + 9 + y**3 - 13*y**2. What is the units digit of m(10)?
9
Suppose x + z = 2*x - 39, -2*x + 84 = -5*z. What is the units digit of x?
7
Let h(f) = 4*f**3 + 9*f**2 + 3*f - 1. Let j be 1 - 16*3/6. Let m(k) = 5*k**3 + 10*k**2 + 3*k - 1. Let t(v) = j*h(v) + 6*m(v). What is the units digit of t(3)?
9
Let j(w) = -29*w - 1. Let i be j(1). What is the units digit of i/(-7) - (-6)/(-21)?
4
Let z be 1/((-10)/(-4) - 3). Let j be (-2)/(z + 0) - 1. Suppose 5*p + m - 36 - 18 = j, 2*p - m = 23. What is the tens digit of p?
1
Let i = -3 + 8. What is the units digit of (-4)/(-6)*(1 + i)?
4
Suppose -u + 2*u = -12. What is the units digit of (u + -4)*5/(-4)?
0
Suppose 3*o - 2*o = 0. Suppose 2*g - 10 + 2 = o. What is the units digit of g/(-1)*(-3 + 1)?
8
Suppose -3 - 9 = -4*k, -2*k + 2 = 4*u. What is the units digit of (-5)/u + -2 - -30?
3
Suppose s - 2*t + 9 = 3*t, 0 = -3*s - 5*t - 7. What is the units digit of s/(-14) - (-122)/14?
9
Let v(y) = -y**3 + y**2 - y - 16. Let d be v(0). Let p be (d/10)/((-10)/175). Suppose -3*h + h + p = 0. What is the units digit of h?
4
Suppose -2*r + 144 + 96 = 0. Suppose -g = 3*g - r. What is the tens digit of g?
3
Suppose 3*m - 2*m + 7 = 3*f, 4*m - 20 = -4*f. Let z be 2*3 + (1 - f). Suppose 4*q - 16 = 4*w + z, -5*q + 4*w = -24. What is the units digit of q?
4
Let x be (-1*2)/(14/49). Let y(w) = -w**3 - 7*w**2 - 2*w - 9. Let p be y(x). Suppose 7 = p*o - 43. What is the units digit of o?
0
Let x = -167 + 219. What is the tens digit of x?
5
Let m = -29 + 17. Let b be (-2)/(-1*2/m). What is the tens digit of -1*(0 + -1 + b)?
1
Suppose 0 = -3*r + 7*r - 48. What is the tens digit of r?
1
Let v = 6 - 2. Suppose 8 = 4*y, -v*p + 4*y = 5*y + 6. What is the units digit of p/(0 - (-1)/(-3))?
6
Let d be -2 - (-3 + 2 + -1). What is the units digit of 7 - 1/1*d?
7
Let v = -11 - -15. Let n(t) = 3*t**3 - 6*t**2 - v*t**3 - 3*t + 2 + 2*t - 4*t. What is the units digit of n(-5)?
2
Let t(z) be the third derivative of z**4/12 + z**2. Suppose 3*r = 5*v + 11, -3 = -3*r - 3*v - 0*v. What is the units digit of t(r)?
4
Let x(k) = k**3 - 6*k**2 - 12*k + 12. What is the tens digit of x(8)?
4
Let l = -186 + 382. What is the hundreds digit of l?
1
Let a(t) = -t**2 + 16*t - 4. What is the tens digit of a(11)?
5
Let w = -1 - 9. Let j(k) = k**2 + 8*k - 1. What is the units digit of j(w)?
9
Suppose -2*v - 16 = -6*v. Suppose 8*s - 80 = v*s. What is the units digit of s?
0
Suppose -2*o - 2*o - 16 = 0, -3*i + o = -1. Let p be 3 - (1 + (-3 - i)). Suppose 2*u - 2*h - 19 - 7 = 0, -3*h + 31 = p*u. What is the units digit of u?
0
Suppose 3*v + 5*m = -2*v + 30, 5*v = -4*m + 28. Suppose -124 = -v*k + 16. What is the units digit of k?
5
Let a(y) = 4*y**2 - y. Let d be a(-2). Suppose 5*u = d + 17. What is the units digit of u?
7
Suppose o - 4 = -o. Suppose -q = -3*q + o*u + 6, -q - 4*u = -13. What is the units digit of q?
5
Let j(c) = c**2 - 7*c - 2. What is the units digit of j(-5)?
8
Let z be 0/(-1) - 2*-2. Suppose -v - 3*j = -2 - 1, 0 = 5*v + z*j - 4. Suppose v = 5*l - 17 - 8. What is the units digit of l?
5
Suppose 0 = -6*s + 3*s + 3*a + 438, 2*a + 582 = 4*s. What is the tens digit of s?
4
Let d(w) = -w**3 + 7*w**2 + 2*w + 6. Let k be d(7). What is the units digit of 132/k - (-6)/15?
7
Suppose 0 = -6*f + f - 4*q + 92, q = 3. Let r(g) = g + 8. Let y be r(-4). Suppose -4*t + t = -4*h + 32, y*t + f = 2*h. What is the units digit of h?
8
Let h(z) = 52*z - 34. What is the tens digit of h(3)?
2
Suppose 4*m - 13 = 3*k, -2*m = -2*k + 5*k - 11. What is the units digit of k?
1
Suppose -z - 12 = -11. What is the tens digit of z/7 - (-1464)/56?
2
Let j(k) = k**2 + 1. Let g be j(-1). Suppose g*w = 5*w. Suppose w = s + 5*l - 0*l - 21, -4*l + 19 = 3*s. What is the units digit of s?
1
Suppose 0 = 5*w - 3*j, -3*j + 5*j = 5*w - 5. Let h(p) = -p**2 + 3*p + 3. What is the units digit of h(w)?
3
Let k(y) = 2*y**2 + 10*y - 3. What is the tens digit of k(-7)?
2
Let h be 0 + -4 - (-7)/1. Suppose h*f - f - 80 = 0. What is the units digit of f?
0
Let g = 29 + -17. Suppose 5*b = -b + 24. Suppose 0 = b*p - g - 12. What is the units digit of p?
6
What is the tens digit of -5*(-23)/2*(-8)/(-5)?
9
Suppose 2*l = 4*g + 70, -17 - 30 = 2*g - 5*l. Let m = -10 - g. Suppose m = s + 2*s. What is the units digit of s?
2
Suppose 4*d = 7*d + 6. What is the tens digit of d + 39 + 2 + -2?
3
Let k be 33/(-12) + (-2)/8. Let x = k + 3. Suppose x*p = 5*p - 40. What is the units digit of p?
8
Let c be (-1 + 3)*1/(-2). Let i = c - -2. What is the units digit of (-13)/(-2) + i/2?
7
Let q = 5 - 3. What is the units digit of (-3)/((-3)/5)*q?
0
Suppose -15 = 3*c, x - 3*c + 13 = -3*x. Let j = -4 + 6. What is the units digit of j/x + (-44)/(-7)?
6
Let c(y) be the third derivative of y**6/120 + y**5/60 + y**4/24 + 5*y**3/3 - 3*y**2. Let h = 1 - 1. What is the units digit of c(h)?
0
Let i(v) = -7*v**3 - 5*v**2 - 3*v + 6. Let z(m) = 6*m**3 + 5*m**2 + 2*m - 6. Let u(g) = 5*i(g) + 6*z(g). What is the units digit of u(-4)?
2
What is the units digit of (-21)/9*2*-6?
8
Suppose -3*n = -4*z + 47, -n + 20 = 2*z + n. Let x = z + -6. What is the units digit of x?
5
Let n(r) = -33*r**3 - r**2 - 2*r - 1. Let h = 14 - 15. What is the units digit of n(h)?
3
Let f(b) = b**2 + 4*b + 2. Let i be f(-5). Suppose j - c - i = -0*c, 5*c = 3*j - 25. Suppose -2*h - 18 = -j*h. What is the units digit of h?
6
Let q(s) = -s**3 + 5*s**2 + 2*s - 5. Let h be q(5). Suppose 3*j - h*j = -14. What is the units digit of j?
7
Suppose -6*p + 255 = -3*p. What is the units digit of p?
5
Let r(y) = 12*y - 89. What is the tens digit of r(26)?
2
Let o = 3 + 2. Let h be (0/(-2) - -1)*3. Let i = o + h. What is the units digit of i?
8
Let w = 122 - 26. What is the units digit of w?
6
Let u(s) = s**3 - 5*s**2 + s - 3. Let p be u(5). Suppose -p*h - 2*f - 20 = 0, -3*h - 5*f - 26 + 2 = 0. Let r = h - -25. What is the units digit of r?
2
Suppose 23*z - 1085 = 18*z. What is the hundreds digit of z?
2
Let d(s) = 2*s**2 + 11*s + 10. What is the tens digit of d(-6)?
1
Let u = -5 + 5. Suppose u = -3*x + 3*t - 24, 3*x + 0*x + 3*t = 0. Let r(g) = g**3 + 6*g**2 + 7*g + 6. What is the tens digit of r(x)?
1
Let t(c) = 78*c - 22. What is the units digit of t(3)?
2
Suppose 0 = 5*k - 0*u + 4*u + 30, -21 = -2*k + 5*u. What is the units digit of 2*1/(-4)*k?
1
Let q(g) = g**2 - g + 1. Let l be q(2). Suppose -l*v = 5 - 23. Suppose -2*r + v = 2*x, 0 = -3*x + 5*r + 1 + 24. What is the units digit of x?
5
Let r(h) = h**3 - 3*h**2 - 4*h + 4. Let a be r(4). Suppose 0 = p - a - 2. What is the units digit of p?
6
Let h(l) = -l**2 + 6*l + 8. Suppose -4*x = 12, -n = -x - x - 12. What is the units digit of h(n)?
8
What is the hundreds digit of -3*(3 - (-332)/(-6))?
1
Suppose 0 = -3*x - 2*x + 15. Let q(h) = -h**2 - 2*h - 5. Let z(d) = 2*d**2 + 3*d + 11. Let o(u) = x*z(u) + 7*q(u). What is the units digit of o(-4)?
2
Suppose -z - 10 = w - 5*w, 5*w = -2*z + 19. Suppose -w*j - 20 = -8*j. Suppose j*v = v + 18. What is the units digit of v?
6
Suppose -3*x - 28 = x. Let b = -3 - x. Suppose -2*p - 2*c = -8 - b, 30 = 4*p + c. What is the units digit of p?
8
Let l be ((-8)/(-12))/((-2)/(-18)). Let t = l - 2. Suppose -t*v = v - 45. What is the units digit of v?
9
Let p(x) = -17*x - 17. What is the hundreds digit of p(-12)?
1
What is the tens digit of (-5)/(5/(-4))*105/4?
0
Suppose -2*m + 18 = 2*j, 2*m + 5*j = 22 + 